ctors of u(r)?
2, 7
Let s(y) = y - 11. Let r be s(12). Suppose r + 19 = 5*c. What are the prime factors of c?
2
Let x(v) = v**2 + 22*v - 3. Let u be x(-16). Let l = -59 - u. List the prime factors of l.
2, 5
Let x be (0 + 2)*(15 - 5). Suppose -4*v + 3 + 21 = 0. Suppose -x = -v*c + 2*c. What are the prime factors of c?
5
Suppose -98*o + 166 = -96*o. What are the prime factors of o?
83
Let x(s) = -9*s. Let b be 1 - 6 - 1/1. Let t be ((-3)/b)/((-2)/4). What are the prime factors of x(t)?
3
Let m be (6/4)/(2/12). Let v be m - -1*(0 + -2). Let x = -3 + v. List the prime factors of x.
2
Let u = 37 - -2. What are the prime factors of u?
3, 13
Let k(o) be the first derivative of -3*o**4/2 + o**3 - o**2/2 + 2. Let u be k(2). What are the prime factors of (-10)/(-25) - u/5?
2
Let t be (7 + -1)/(3/14). Suppose -3*c + t - 7 = 0. What are the prime factors of c?
7
Let v be 2/4*0*1. Suppose 3*t - 5*t + 24 = v. What are the prime factors of t?
2, 3
Let f = -3 - -17. Let n(k) = k**3 - 14*k**2 + k + 17. List the prime factors of n(f).
31
Suppose -29 = -3*d - 5*w, 4*w + 0*w = d + 13. Let k(r) = -4 - 2*r**2 + 2*r + 3*r**2 + d. What are the prime factors of k(1)?
2
Let p = -14 + 27. What are the prime factors of 80/p + 6/(-39)?
2, 3
Suppose -2*v - 38 = -4*v. List the prime factors of v.
19
Suppose 0*x + 2*x + 6 = -5*p, -p = 2. Suppose -5*n = 25, x*t - 5*t - 4*n = -43. What are the prime factors of t?
3, 7
Let q be ((-30)/24)/(1/(-4)). Suppose q*i - 4 - 16 = 0. What are the prime factors of i?
2
Let b(i) = 2*i**2 + 8*i + 22. List the prime factors of b(-12).
2, 107
Let s(m) = -m**2 + 4*m - 6. Let d be s(4). Let o(x) = 4 + 7*x + x**2 - 2 + 0 + 6. What are the prime factors of o(d)?
2
Let m(p) = p + 3. Let s be m(3). Suppose 5*i - 7*i = -s. Suppose -i*z + 6 = o + 2, 3*z + 31 = 4*o. What are the prime factors of o?
7
Let n = 34 + 15. What are the prime factors of n?
7
Let d = -44 + 128. What are the prime factors of d?
2, 3, 7
Let j(y) = y**3 - 4*y - 2. What are the prime factors of j(4)?
2, 23
Let d = -10 - -141. List the prime factors of d.
131
Let p(n) = n - 3. Let u be p(6). Let m = u + -5. What are the prime factors of -2*m/4*10?
2, 5
Let f be (-54)/(-15)*10/4. Suppose 0*d = 2*d - 2. What are the prime factors of 6/3 + f*d?
11
Let s(r) be the second derivative of -r**5/20 - r**4/12 + r**3/6 + r**2 + r. Let j be s(0). What are the prime factors of (j - 4)/((-2)/8)?
2
Suppose a - 31 + 1 = 0. What are the prime factors of a?
2, 3, 5
Let y be (-4)/(-20) + 1302/15. Suppose 3*n + 23 = 5*g + y, 4*g = -2*n + 72. List the prime factors of n.
2, 7
Let b = 2 - -2. Suppose -j - b = -30. List the prime factors of j.
2, 13
Let p(a) = -a**2 + 13*a - 5. What are the prime factors of p(12)?
7
Let f(y) = y**3 + 2*y**2 - 2*y - 4. Let b be f(-3). Let p = b + 10. What are the prime factors of 1*(117/3)/p?
13
Let q(o) = -2*o**2 + 3*o - 4. Let i be q(-3). Let g = 57 + i. List the prime factors of g.
2, 13
Suppose 5*o - 3*t = 3, -2*t = 3*o - 6*o + 1. Suppose -c - 3*y = 1, c - 6*c = 5*y - 5. What are the prime factors of c + -2 + (5 - o)?
2
Suppose 2*d + 2*q = 8, -d + 3*q + 4 = -q. Suppose -4*n - 2 = -2*m - 0*m, d = 2*n + 4*m. Suppose n = -0*l - l + 11. What are the prime factors of l?
11
Let q(d) = -d**3 - 6*d**2 + 5*d + 3. Let n be 10/(-45) - (-166)/18. Let y(v) = -2*v + 11. Let t be y(n). List the prime factors of q(t).
17
Let s(t) = t**3 + t + 28. What are the prime factors of s(0)?
2, 7
Suppose -5*r + 4*r + 20 = 0. Let q = -13 + r. Suppose -6 = 2*u + q*o - 2*o, 2*o + 8 = 2*u. List the prime factors of u.
2
Suppose z = -8 - 3. Let s = z - -13. What are the prime factors of s?
2
Let y = -4 - -4. Suppose a = -y*a - 5*l - 3, 0 = -3*a + 3*l + 9. List the prime factors of a.
2
Suppose -4*i - 12 + 48 = 4*x, -2*x = -4*i - 6. List the prime factors of x.
7
Let i = 114 - 55. What are the prime factors of i?
59
Let i(a) = -6*a + 4*a - 3 + 1. Let s be i(-6). Let f = s - 1. List the prime factors of f.
3
Suppose 21 = h + c - 35, h - 59 = -4*c. List the prime factors of h.
5, 11
Suppose 2*v + 15 = 7*v. Suppose -i = v*i. Suppose i = -k - k + 12. List the prime factors of k.
2, 3
Let l(x) = 3*x**2 + 6*x + 7. List the prime factors of l(-3).
2
Suppose -15 = -3*v + 6. Let a = -7 + v. Suppose -f + a*f = -20. List the prime factors of f.
2, 5
Let v = -27 + 16. Let y = v - -33. What are the prime factors of y?
2, 11
Suppose -167 - 137 = -4*w. What are the prime factors of w?
2, 19
Let h(y) = -y - 13. Let j be h(-9). Let u(b) = 4*b**2 + 4*b - 1. List the prime factors of u(j).
47
Suppose 5 = 5*d + 5*h, 2*h = 4*d + 3*h - 13. Suppose 3*j = -0*j, 0 = -n + d*j + 9. What are the prime factors of n?
3
What are the prime factors of (3 + (-20)/(-16))*48?
2, 3, 17
Let z = -16 + 13. List the prime factors of (70/21)/((-2)/z).
5
Suppose -4*j + j = -120. Let m = j - -4. Let r = -26 + m. List the prime factors of r.
2, 3
Let y(c) = -c**3 + 14*c**2 + 2*c - 11. What are the prime factors of y(14)?
17
Let l(s) = -148*s + 1. List the prime factors of l(-1).
149
List the prime factors of (-21)/(3/1 + -4).
3, 7
Let c(t) = t + 7. Let g be c(-5). Suppose -f - 2 = -g*f. Suppose -18 = -3*k + a, 16 = 4*k - f*k - 2*a. List the prime factors of k.
5
Suppose -o = w - 95, -185 - 12 = -2*w + 5*o. What are the prime factors of w?
2, 3
Suppose -2*x - 95 + 9 = -p, -5*p + 466 = 2*x. What are the prime factors of p?
2, 23
Let z(h) = -7*h**2 + 3*h - 7. Let w be z(3). Let a = w + 111. List the prime factors of a.
2, 5
Let u(h) = h**3 - h**2 - 4*h + 3. Let v be u(2). Suppose -20 = c + 16. List the prime factors of (3 + v)/((-4)/c).
2, 3
Let c = 1 + 0. Let j be (-7 + 4)*(0 + c). Let i = j - -8. What are the prime factors of i?
5
Let r(d) = -d**3 - d - 1. Let c(o) = o**3 + 4*o + 1. Let j(y) = c(y) + 2*r(y). Let k be j(-2). Suppose k*n = n + 20. List the prime factors of n.
2, 5
Suppose 0 = 3*l + 3 + 9. Let p be (-4 - -2)/(l/18). Let a = p + 0. What are the prime factors of a?
3
Let p be 9*(-1)/(-6)*4. Let f be -1*3/p*8. Let h = f - -12. What are the prime factors of h?
2
Let w(q) = q**2 + 2*q - 1. Let x be w(4). Let n = x - 12. Suppose 3 - n = -d. List the prime factors of d.
2
Let z(n) = n**2 - 9*n + 2. Let l be z(9). Suppose l*x - 48 = x. What are the prime factors of x?
2, 3
Let w(y) = -2*y - 4. Let f be ((-24)/20)/((-1)/30). Let j be (f/15)/3*-5. What are the prime factors of w(j)?
2
Suppose 2*r - 5*n - 119 = -r, n - 113 = -3*r. Let d = -23 + r. List the prime factors of d.
3, 5
Suppose 0 = -4*v - 4*w + 396, w = 2*v + 6*w - 201. What are the prime factors of v?
2, 7
Suppose 3*d + 6 = -15. Let n = d + 1. List the prime factors of (1/(-1))/(3/n).
2
Let q = -19 + 23. Let g = 38 - q. What are the prime factors of g?
2, 17
Let j(p) = p**3 + 6*p**2 + 2*p + 2. What are the prime factors of j(-5)?
17
Suppose h + 3 = -4*t, 3*t = 3*h - 7 - 14. Suppose 0*n + 45 = 2*n - h*q, 3*n - 63 = 3*q. What are the prime factors of n?
2, 5
Let p(a) = -2*a**2 + 3*a + 76. What are the prime factors of p(0)?
2, 19
Suppose 49 - 183 = -2*a. What are the prime factors of a?
67
List the prime factors of ((-12)/6)/((-1)/39).
2, 3, 13
Suppose -4*d + 9 + 47 = 0. Suppose 4 - d = -5*u. What are the prime factors of u?
2
Suppose -7*s + 2*s = -15. Suppose -5*j + s = -g, -2*j - 2 = -4*j. Suppose g = t + h, -3*t - h + 18 = -4*h. List the prime factors of t.
2
Suppose -2*s + 24 = 2*d - 5*d, 0 = 2*s. Let p be (-9 - 0)/(-3) - d. List the prime factors of -1 + p - (3 - 0).
7
Let r(b) = -b**3 - 4*b**2 + 3*b + 27. List the prime factors of r(-7).
3, 17
Let d be 3/(-9) + (-1)/(-3). Let a(h) = -h + 8. What are the prime factors of a(d)?
2
Suppose -4*y - 3*z - 2*z = 37, -4*y = -z + 55. List the prime factors of 0 - 3 - 2*y.
23
Suppose 3*v - 30 = -2*v. Suppose 22 = -4*n + 3*j, 3*n = -j - v - 4. What are the prime factors of (6/(-7))/(n/28)?
2, 3
Suppose -2*o = 38 - 100. Suppose 4*g = o + 33. What are the prime factors of g?
2
Suppose -4*l + i - 9 = -2*i, 6 = -5*l + 2*i. Let h(o) be the first derivative of o**3/3 - o**2/2 + 12*o - 1. List the prime factors of h(l).
2, 3
Suppose -g + 3*g - 54 = 0. What are the prime factors of g?
3
Suppose 4*m + 0*i + 12 = -4*i, -4*m - 7 = 3*i. Let d(k) = -3*k - m - k + 0. List the prime factors of d(-2).
2, 3
Let z = -15 - -17. Let q = 8 + -5. Suppo